ac8
Convert -2333323011 (base 5) to base 7.
-63435042
-221095 (base 10) to base 15
-4579a
What is 204848 (base 10) in base 9?
341888
Convert 6525213 (base 8) to base 3.
10021210020202
500b6a (base 12) to base 7
13406101
What is 9666d (base 16) in base 3?
1011022001111
What is -20126121 (base 8) in base 14?
-7c4881
Convert -1186829 (base 10) to base 5.
-300434304
What is -3b4aa3 (base 13) in base 11?
-8a2984
What is 171422 (base 8) in base 6?
1200030
Convert -41203200 (base 5) to base 13.
-b950b
Convert -2010210323 (base 4) to base 10.
-543035
Convert -3adbd (base 14) to base 8.
-433773
Convert -2b5d5 (base 15) to base 3.
-21002122002
24b9a (base 12) to base 10
50086
-2362283 (base 14) to base 15
-1740140
Convert -b0bad (base 15) to base 4.
-2020212121
Convert 450614 (base 8) to base 3.
21201102201
What is 19a709 (base 12) in base 3?
212001102200
Convert 111022012010010 (base 3) to base 5.
3302214201
What is -4388a8 (base 11) in base 7?
-5643261
Convert -111111011011000001111 (base 2) to base 13.
-579c24
-4d8b (base 14) to base 16
-354f
-39aa6b7 (base 12) to base 16
-ae4d6b
What is 3ffdb2 (base 16) in base 7?
50434400
What is 2100143442 (base 5) in base 2?
10000011010100010010101
What is -10222333313 (base 4) in base 2?
-100101010111111110111
What is -1917611 (base 10) in base 14?
-37cba3
Convert 135324255 (base 6) to base 4.
22212213023
Convert -1735 (base 13) to base 14.
-1368
What is 11332081 (base 9) in base 14?
a37055
Convert -346216 (base 10) to base 3.
-122120220211
12420432 (base 5) to base 16
1e16a
Convert 186cc0 (base 15) to base 8.
4417261
What is -21220422 (base 6) in base 16?
-988be
Convert 100004112 (base 5) to base 10.
391157
What is -20212102002221 (base 3) in base 14?
-6add93
What is -19bc08 (base 16) in base 2?
-110011011110000001000
Convert -130102013003 (base 4) to base 7.
-120006530
What is -233220000 (base 4) in base 10?
-195072
-2a1213 (base 12) to base 10
-707055
Convert 13021031 (base 4) to base 9.
44122
What is -41176252 (base 8) in base 15?
-b7253e
-2324606 (base 7) to base 13
-a2cc5
What is -1010203330303 (base 4) in base 7?
-305524354
Convert -96097 (base 12) to base 14.
-51b91
Convert -31123112320 (base 4) to base 6.
-203235544
1436796 (base 13) to base 3
110001202211010
What is 1050086 (base 12) in base 13?
842484
Convert -111302221 (base 4) to base 2.
-10101110010101001
Convert -1838863 (base 13) to base 6.
-441210341
-60518 (base 11) to base 5
-10312340
What is -120322322 (base 4) in base 12?
-4b0a2
-2d5ac (base 14) to base 9
-182782
What is -123a8 (base 15) in base 10?
-58208
What is -412023424 (base 5) in base 12?
-68863a
What is 91008 (base 11) in base 5?
13224413
Convert -251421554 (base 6) to base 2.
-10010011101100100001110
What is -3488700 (base 11) in base 5?
-3024300020
What is -496392 (base 11) in base 2?
-10111111100000100111
Convert 166371 (base 10) to base 8.
504743
What is -4022205 (base 7) in base 15?
-9615c
-1b39b4 (base 16) to base 2
-110110011100110110100
Convert 7216507 (base 8) to base 15.
27a529
Convert 61841a (base 12) to base 13.
416740
Convert 179582 (base 11) to base 10.
276212
566094 (base 10) to base 15
b2ae9
Convert 7a208 (base 15) to base 12.
168a5b
What is -101100101011011111 (base 2) in base 4?
-230223133
What is -102330440 (base 5) in base 6?
-13141433
10002220001112 (base 3) to base 14
30da8a
Convert -3130131233 (base 4) to base 9.
-1625638
What is 50457 (base 9) in base 16?
819d
Convert 3276167 (base 8) to base 7.
10340524
What is 14bb402 (base 13) in base 10?
6650997
-130303221203 (base 4) to base 12
-264216b
What is 13399a (base 11) in base 15?
42410
611103 (base 7) to base 12
4bb86
Convert -10210101131 (base 4) to base 6.
-41354205
-53a75 (base 12) to base 13
-3b32a
-441121355 (base 6) to base 8
-36075047
Convert -2362603 (base 7) to base 15.
-5e33d
-211121010001 (base 3) to base 10
-444772
-582082 (base 10) to base 16
-8e1c2
What is 3200020 (base 5) in base 6?
1045555
What is 48a9c (base 13) in base 3?
20210022121
What is -114343600 (base 7) in base 14?
-d34c00
Convert -15980bb (base 14) to base 16.
-a18995
Convert 3146046 (base 8) to base 7.
10062113
What is -1b336 (base 12) in base 4?
-21310122
Convert -41021306 (base 7) to base 15.
-47772e
-438517 (base 12) to base 4
-10011233203
-20561236 (base 7) to base 15
-2474ea
What is 5b6982 (base 16) in base 4?
112312212002
Convert -9b55 (base 16) to base 8.
-115525
What is 2018662 (base 9) in base 11?
675306
122002201011220 (base 3) to base 10
9087846
What is -12140342 (base 5) in base 15?
-24182
10011010100101101 (base 2) to base 4
103110231
What is -12111120200202 (base 3) in base 12?
-b90525
Convert -89a9 (base 14) to base 12.
-11989
Convert 330022221 (base 4) to base 2.
111100001010101001
What is 474543 (base 13) in base 5?
413213122
What is 1200000110212 (base 3) in base 13?
250412
Convert 254530520 (base 6) to base 9.
10342833
Convert 10011101101011000111 (base 2) to base 11.
40124a
Convert 110010100100 (base 2) to base 9.
4385
-3255441 (base 6) to base 2
-100111110110110001
Convert -132032211 (base 4) to base 2.
-11110001110100101
Convert -21110202200 (base 3) to base 13.
-51c45
-10000011000110111 (base 2) to base 10
-67127
6630321 (base 7) to base 3
1112100201220
Convert 11111010111011101011 (base 2) to base 11.
642241
What is 31504004 (base 6) in base 14?
1a1780
-42485 (base 11) to base 16
-f16b
Convert -81748 (base 13) to base 5.
-24410203
What is 3032 (base 15) in base 6?
115032
Convert 200302023 (base 4) to base 7.
1066332
-223345 (base 7) to base 8
-115311
Convert 340323345 (base 6) to base 7.
103400636
What is -13040203 (base 6) in base 16?
-67ccb
What is -2234454 (base 8) in base 4?
-2103210230
What is -12401434 (base 8) in base 16?
-2a031c
Convert 479333 (base 12) to base 14.
221675
What is 721654 (base 8) in base 7?
2012234
151285 (base 9) to base 12
45872
1717789 (base 12) to base 6
250021053
-1430400 (base 11) to base 6
-124421404
What is -21d87a (base 15) in base 14?
-30088d
Convert -97907 (base 11) to base 3.
-21020001000
1605303 (base 7) to base 13
793b6
Convert 2473721 (base 9) to base 13.
382603
What is 20215643 (base 7) in base 3?
10011121120122
What is -4b6bf (base 16) in base 8?
-1133277
-cf7c (base 16) to base 3
-2200212021
What is -5982789 (base 11) in base 7?
-154431220
-316958 (base 10) to base 4
-1031120132
Convert 1011000101011010100 (base 2) to base 6.
11441324
What is 387206 (base 11) in base 7?
5116656
Convert 12eacb (base 16) to base 9.
2288555
Convert -47193a2 (base 12) to base 4.
-310112033222
Convert 103460446 (base 7) to base 2.
10111101001100100111100
-1576761 (base 11) to base 12
-a9780b
21555175 (base 8) to base 4
101231221331
225464 (base 7) to base 6
510525
5d224 (base 14) to base 13
7cb20
What is -2a924 (base 11) in base 14?
-11cdd
101122202011 (base 3) to base 16
33367
Convert -235401441 (base 6) to base 4.
-101001303001
Convert 10232213000 (base 4) to base 7.
13351445
Convert 79233 (base 15) to base 13.
106476
Convert -28a4953 (base 11) to base 10.
-4984411
What is -195414 (base 12) in base 2?
-1101100100100010000
What is -1375486 (base 9) in base 8?
-2711442
What is -406d3c (base 15) in base 6?
-145334020
Convert -1456616 (base 7) to base 3.
-101010022112
What is 22718 (base 10) in base 8?
54276
Convert -3a57b (base 12) to base 9.
-132135
-100011011010101001000 (base 2) to base 15
-17dcd0
What is -312301 (base 9) in base 5?
-21413120
What is -266424 (base 8) in base 4?
-112310110
What is 33552463 (base 8) in base 2?
11011101101010100110011
What is 128809 (base 10) in base 8?
373451
10201021110110 (base 3) to base 11
1128999
What is -4c1f (base 16) in base 10?
-19487
Convert 112352104 (base 7) to base 13.
1571845
Convert -88d2d (base 15) to base 5.
-102404333
132202101011 (base 4) to base 7
125016152
Convert 3012030 (base 5) to base 12.
23785
What is -545181 (base 11) in base 10?
-870684
Convert 28500 (base 13) to base 7.
433146
What is 12312101 (base 4) in base 11?
1a08a
Convert -2202231212 (base 4) to base 11.
-415802
What is 156181 (base 10) in base 13?
5611c
What is -a8375 (base 11) in base 16?
-2673f
What is -11120102112122 (base 3) in base 15?
-32ec68
16c21 (base 13) to base 10
43798
What is 68a20 (base 11) in base 14?
284b4
Convert -61961 (base 12) to base 13.
-46069
Co